{"id":2351,"date":"2024-09-10T13:51:23","date_gmt":"2024-09-10T11:51:23","guid":{"rendered":"https:\/\/nanophotonics.fizyka.umk.pl\/?page_id=2351"},"modified":"2025-06-16T15:31:47","modified_gmt":"2025-06-16T13:31:47","slug":"plasmonics-2","status":"publish","type":"page","link":"https:\/\/nanophotonics.fizyka.umk.pl\/?page_id=2351","title":{"rendered":"Plazmonika"},"content":{"rendered":"\n<div class=\"wp-block-columns is-layout-flex wp-container-core-columns-is-layout-9d6595d7 wp-block-columns-is-layout-flex\">\n<div class=\"wp-block-column is-layout-flow wp-block-column-is-layout-flow\" style=\"flex-basis:100%\"><\/div>\n<\/div>\n\n\n\n<div class=\"wp-block-media-text alignwide has-media-on-the-right is-stacked-on-mobile\" style=\"grid-template-columns:auto 29%\"><div class=\"wp-block-media-text__content\">\n<p class=\"has-normal-font-size\">Plazmony to kolektywne oscylacje elektron\u00f3w swobodnych fotoindukowane w metalach. Szczeg\u00f3lnie ciekawe efekty wzbudzenia plazmonowego obserwowane s\u0105 w nanocz\u0105stkach metalicznych. Efekt ten prowadzi do tworzenia silnie wzmocnionego pola elektromagnetycznego wok\u00f3\u0142 nanocz\u0105stek metalicznych. W ten spos\u00f3b mo\u017cliwe jest modyfikowanie w\u0142a\u015bciw\u015bci optycznych emiter\u00f3w, kt\u00f3re znajd\u0105 si\u0119 w obr\u0119bie taki wzmocnionego pola. W naszych badaniach wykorzystujemy wiele rodzaj\u00f3w nanomateria\u0142\u00f3w wykazuj\u0105cych aktywno\u015b\u0107 plazmonow\u0105. S\u0105 t w szczeg\u00f3lno\u015bci nanodruty, nanosfery, nanopr\u0119ty czy nanowyspy. <\/p>\n<\/div><figure class=\"wp-block-media-text__media\"><img loading=\"lazy\" decoding=\"async\" width=\"276\" height=\"240\" src=\"https:\/\/nanophotonics.fizyka.umk.pl\/wp-content\/uploads\/2024\/09\/Plasmon.png\" alt=\"\" class=\"wp-image-2501 size-full\"\/><\/figure><\/div>\n\n\n\n<div class=\"wp-block-media-text alignwide is-stacked-on-mobile\" style=\"grid-template-columns:37% auto\"><figure class=\"wp-block-media-text__media\"><img loading=\"lazy\" decoding=\"async\" width=\"1024\" height=\"461\" src=\"https:\/\/nanophotonics.fizyka.umk.pl\/wp-content\/uploads\/2025\/02\/20250214_092800-1024x461.jpg\" alt=\"\" class=\"wp-image-2793 size-full\" srcset=\"https:\/\/nanophotonics.fizyka.umk.pl\/wp-content\/uploads\/2025\/02\/20250214_092800-1024x461.jpg 1024w, https:\/\/nanophotonics.fizyka.umk.pl\/wp-content\/uploads\/2025\/02\/20250214_092800-300x135.jpg 300w, https:\/\/nanophotonics.fizyka.umk.pl\/wp-content\/uploads\/2025\/02\/20250214_092800-768x346.jpg 768w, https:\/\/nanophotonics.fizyka.umk.pl\/wp-content\/uploads\/2025\/02\/20250214_092800-1536x691.jpg 1536w, https:\/\/nanophotonics.fizyka.umk.pl\/wp-content\/uploads\/2025\/02\/20250214_092800-2048x922.jpg 2048w\" sizes=\"auto, (max-width: 1024px) 100vw, 1024px\" \/><\/figure><div class=\"wp-block-media-text__content\">\n<p class=\"has-normal-font-size\">Nasza grupa specjalizuje si\u0119 w syntezie chemicznej nanocz\u0105stek metalicznych, a tak\u017ce w chemicznej modyfikacji ich powierzchni, co umo\u017cliwia wi\u0105zanie ich w bardziej z\u0142o\u017cone hybrydowe nanostruktury. Badamy wp\u0142yw nanocz\u0105stek metalicznych na oddzia\u0142uj\u0105ce z nimi obiekty. Oddzia\u0142ywania obejmuj\u0105 szereg zjawisk, od wygaszania emisji, po jej silne wzmocnienia. Co wi\u0119cej, wyd\u0142u\u017cone nanostruktury (np. nanodruty) umo\u017cliwaj\u0105 tak\u017ce dzi\u0119ki fotoindukowanym polarytonom powierzchniowym przekazywanie energii na mikrometrowe odleg\u0142o\u015bci. Innym wa\u017cnym apsektem zwi\u0105zanym z nanocz\u0105stkami metalicznymi jest mo\u017cliwo\u015b\u0107 wydajnej konwersji energii \u015bwiat\u0142a na ciep\u0142o.<\/p>\n<\/div><\/div>\n\n\n\n<p><strong>Wybrane publikacje:<\/strong><\/p>\n\n\n\n<ul class=\"wp-block-list\">\n<li>K. Sulowska, E. Ro\u017aniecka, J. Niedzi\u00f3\u0142ka-J\u00f6nsson, S. Ma\u0107kowski<br>&#8220;Aligned silver nanowires for plasmonically-enhanced fluorescence detection of photoactive proteins in wet and dry environment&#8221;<br>Spectrochimica Acta Part A: Molecular and Biomolecular Spectroscopy, 289 (2023), 122225.<br>DOI: 10.1016\/j.saa.2022.122225<\/li>\n\n\n\n<li>M. Szalkowski, D. Kowalska, J. D. Janna Olmos, J. Kargul, S. Ma\u0107kowski<br>&#8220;Improving photostability of photosystem I-based nanodevice by plasmonic interactions with planar silver nanostructures&#8221;<br>International Journal of Molecular Sciences, 23 (2022), 2976.<br>DOI: 10.3390\/ijms23062976<\/li>\n\n\n\n<li>K. Sulowska, E. Ro\u017aniecka , K. Wiwatowski, M. Janczuk-Richter , M. J\u00f6nsson-Niedzi\u00f3\u0142ka, , J. Niedzi\u00f3\u0142ka-J\u00f6nsson, S. Ma\u0107kowski<br>&#8220;Patterned silver island paths as high-contrast optical sensing platforms&#8221;<br>Mater. Sci. Eng., B\u00a0268\u00a0(2021), 115124<br>DOI:\u00a010.1016\/j.mseb.2021.115124<\/li>\n\n\n\n<li>M. Szalkowski, E. Harputlu, M. Kiliszek, C. G. Unlu, S. Ma\u0107kowski, K. Ocakoglu, J. Kargul, D. Kowalska<br>&#8220;Plasmonic enhancement of photocurrent generation in a photosystem I-based hybrid electrode&#8221;<br>J. Mater. Chem. C\u00a08\u00a0(2020), 5807&#8211;5814<br>DOI:\u00a010.1039\/C9TC06983F<\/li>\n\n\n\n<li>D. Kowalska, M. Szalkowski, K. Sulowska, D. Buczynska, J. Niedziolka-Jonsson, M. Jonsson-Niedziolka , J. Kargul, H. Lokstein, S. Ma\u0107kowski<br>&#8220;Silver Island Film for Enhancing Light Harvesting in Natural Photosynthetic Proteins&#8221; <br><em>Int. J. Mol. Sci.<\/em>\u00a0<strong>21<\/strong>\u00a0(2020), 2451<br>DOI: <a href=\"https:\/\/doi.org\/10.3390\/ijms21072451\">10.3390\/ijms21072451<\/a><\/li>\n<\/ul>\n","protected":false},"excerpt":{"rendered":"<p>Plazmony to kolektywne oscylacje elektron\u00f3w swobodnych fotoindukowane w metalach. Szczeg\u00f3lnie ciekawe efekty wzbudzenia plazmonowego obserwowane s\u0105 w nanocz\u0105stkach metalicznych. Efekt ten prowadzi do tworzenia silnie wzmocnionego pola elektromagnetycznego wok\u00f3\u0142 nanocz\u0105stek metalicznych. W ten spos\u00f3b mo\u017cliwe jest modyfikowanie w\u0142a\u015bciw\u015bci optycznych emiter\u00f3w, kt\u00f3re znajd\u0105 si\u0119 w obr\u0119bie taki wzmocnionego pola. W naszych badaniach wykorzystujemy wiele rodzaj\u00f3w nanomateria\u0142\u00f3w&hellip;&nbsp;<a href=\"https:\/\/nanophotonics.fizyka.umk.pl\/?page_id=2351\" rel=\"bookmark\">Read More &raquo;<span class=\"screen-reader-text\">Plazmonika<\/span><\/a><\/p>\n","protected":false},"author":71,"featured_media":0,"parent":0,"menu_order":2,"comment_status":"closed","ping_status":"closed","template":"","meta":{"neve_meta_sidebar":"full-width","neve_meta_container":"","neve_meta_enable_content_width":"on","neve_meta_content_width":100,"neve_meta_title_alignment":"","neve_meta_author_avatar":"","neve_post_elements_order":"","neve_meta_disable_header":"","neve_meta_disable_footer":"","neve_meta_disable_title":"","_themeisle_gutenberg_block_has_review":false,"footnotes":""},"class_list":["post-2351","page","type-page","status-publish","hentry"],"_links":{"self":[{"href":"https:\/\/nanophotonics.fizyka.umk.pl\/index.php?rest_route=\/wp\/v2\/pages\/2351","targetHints":{"allow":["GET"]}}],"collection":[{"href":"https:\/\/nanophotonics.fizyka.umk.pl\/index.php?rest_route=\/wp\/v2\/pages"}],"about":[{"href":"https:\/\/nanophotonics.fizyka.umk.pl\/index.php?rest_route=\/wp\/v2\/types\/page"}],"author":[{"embeddable":true,"href":"https:\/\/nanophotonics.fizyka.umk.pl\/index.php?rest_route=\/wp\/v2\/users\/71"}],"replies":[{"embeddable":true,"href":"https:\/\/nanophotonics.fizyka.umk.pl\/index.php?rest_route=%2Fwp%2Fv2%2Fcomments&post=2351"}],"version-history":[{"count":9,"href":"https:\/\/nanophotonics.fizyka.umk.pl\/index.php?rest_route=\/wp\/v2\/pages\/2351\/revisions"}],"predecessor-version":[{"id":2898,"href":"https:\/\/nanophotonics.fizyka.umk.pl\/index.php?rest_route=\/wp\/v2\/pages\/2351\/revisions\/2898"}],"wp:attachment":[{"href":"https:\/\/nanophotonics.fizyka.umk.pl\/index.php?rest_route=%2Fwp%2Fv2%2Fmedia&parent=2351"}],"curies":[{"name":"wp","href":"https:\/\/api.w.org\/{rel}","templated":true}]}}